[INFO] cloning repository https://github.com/nicoth-in/reactor
[INFO] running `Command { std: "git" "-c" "credential.helper=" "-c" "credential.helper=/workspace/cargo-home/bin/git-credential-null" "clone" "--bare" "https://github.com/nicoth-in/reactor" "/workspace/cache/git-repos/https%3A%2F%2Fgithub.com%2Fnicoth-in%2Freactor", kill_on_drop: false }`
[INFO] [stderr] Cloning into bare repository '/workspace/cache/git-repos/https%3A%2F%2Fgithub.com%2Fnicoth-in%2Freactor'...
[INFO] running `Command { std: "git" "rev-parse" "HEAD", kill_on_drop: false }`
[INFO] [stdout] 174402200822ad42058a9df2c3f0ae19e9593542
[INFO] checking nicoth-in/reactor against try#72f88fc4e9458f89516a0b8b0868f3718aec5b47 for pr-74989
[INFO] running `Command { std: "git" "clone" "/workspace/cache/git-repos/https%3A%2F%2Fgithub.com%2Fnicoth-in%2Freactor" "/workspace/builds/worker-7/source", kill_on_drop: false }`
[INFO] [stderr] Cloning into '/workspace/builds/worker-7/source'...
[INFO] [stderr] done.
[INFO] validating manifest of git repo https://github.com/nicoth-in/reactor on toolchain 72f88fc4e9458f89516a0b8b0868f3718aec5b47
[INFO] running `Command { std: "/workspace/cargo-home/bin/cargo" "+72f88fc4e9458f89516a0b8b0868f3718aec5b47" "read-manifest" "--manifest-path" "Cargo.toml", kill_on_drop: false }`
[INFO] started tweaking git repo https://github.com/nicoth-in/reactor
[INFO] finished tweaking git repo https://github.com/nicoth-in/reactor
[INFO] tweaked toml for git repo https://github.com/nicoth-in/reactor written to /workspace/builds/worker-7/source/Cargo.toml
[INFO] crate git repo https://github.com/nicoth-in/reactor already has a lockfile, it will not be regenerated
[INFO] running `Command { std: "/workspace/cargo-home/bin/cargo" "+72f88fc4e9458f89516a0b8b0868f3718aec5b47" "fetch" "--locked" "--manifest-path" "Cargo.toml", kill_on_drop: false }`
[INFO] [stderr]     Blocking waiting for file lock on package cache
[INFO] [stderr]  Downloading crates ...
[INFO] [stderr]   Downloaded stdweb-derive v0.5.1
[INFO] [stderr]   Downloaded stdweb-internal-macros v0.2.7
[INFO] [stderr]   Downloaded glyph_brush_layout v0.1.6
[INFO] [stderr]   Downloaded wasm-bindgen-backend v0.2.49
[INFO] [stderr]   Downloaded wayland-scanner v0.23.5
[INFO] [stderr]   Downloaded stdweb-internal-runtime v0.1.4
[INFO] [stderr]   Downloaded glutin v0.22.0-alpha1
[INFO] [stderr]   Downloaded rusttype v0.7.7
[INFO] [stderr]   Downloaded gfx v0.18.1
[INFO] [stderr]   Downloaded blake2b_simd v0.5.6
[INFO] [stderr]   Downloaded wayland-commons v0.23.5
[INFO] [stderr]   Downloaded wasm-bindgen v0.2.49
[INFO] [stderr]   Downloaded cc v1.0.40
[INFO] [stderr]   Downloaded wayland-sys v0.23.5
[INFO] [stderr]   Downloaded getrandom v0.1.9
[INFO] [stderr]   Downloaded quickcheck v0.2.27
[INFO] [stderr]   Downloaded gl v0.13.0
[INFO] [stderr]   Downloaded gl_generator v0.13.0
[INFO] [stderr]   Downloaded syn v1.0.1
[INFO] [stderr]   Downloaded base-x v0.2.5
[INFO] [stderr]   Downloaded winit v0.19.2
[INFO] [stderr]   Downloaded gilrs-core v0.2.3
[INFO] [stderr]   Downloaded matrixmultiply v0.2.2
[INFO] [stderr]   Downloaded glyph_brush v0.5.3
[INFO] [stderr]   Downloaded gfx_device_gl v0.16.1
[INFO] [stderr]   Downloaded proc-macro2 v1.0.0
[INFO] [stderr]   Downloaded stdweb v0.4.18
[INFO] [stderr]   Downloaded wasm-bindgen-shared v0.2.49
[INFO] [stderr]   Downloaded winit v0.20.0-alpha3
[INFO] [stderr]   Downloaded wasm-bindgen-macro v0.2.49
[INFO] [stderr]   Downloaded image v0.22.1
[INFO] [stderr]   Downloaded downcast-rs v1.0.4
[INFO] [stderr]   Downloaded glm v0.2.3
[INFO] [stderr]   Downloaded nalgebra v0.18.0
[INFO] [stderr]   Downloaded wasm-bindgen-macro-support v0.2.49
[INFO] [stderr]   Downloaded victoria-dom v0.1.2
[INFO] [stderr]   Downloaded alga v0.9.1
[INFO] [stderr]   Downloaded wayland-protocols v0.23.5
[INFO] [stderr]   Downloaded smithay-client-toolkit v0.6.3
[INFO] [stderr]   Downloaded wayland-client v0.23.5
[INFO] [stderr]   Downloaded gfx_core v0.9.1
[INFO] [stderr]   Downloaded quote v1.0.0
[INFO] running `Command { std: "docker" "create" "-v" "/var/lib/crater-agent-workspace/builds/worker-7/target:/opt/rustwide/target:rw,Z" "-v" "/var/lib/crater-agent-workspace/builds/worker-7/source:/opt/rustwide/workdir:ro,Z" "-v" "/var/lib/crater-agent-workspace/cargo-home:/opt/rustwide/cargo-home:ro,Z" "-v" "/var/lib/crater-agent-workspace/rustup-home:/opt/rustwide/rustup-home:ro,Z" "-e" "SOURCE_DIR=/opt/rustwide/workdir" "-e" "CARGO_TARGET_DIR=/opt/rustwide/target" "-e" "CARGO_HOME=/opt/rustwide/cargo-home" "-e" "RUSTUP_HOME=/opt/rustwide/rustup-home" "-w" "/opt/rustwide/workdir" "-m" "1610612736" "--user" "0:0" "--network" "none" "rustops/crates-build-env@sha256:d92eaeed33fa75130ca1ee6c8a01d1ffb62bac859dfdfb3450e3e5d1c0146529" "/opt/rustwide/cargo-home/bin/cargo" "+72f88fc4e9458f89516a0b8b0868f3718aec5b47" "metadata" "--no-deps" "--format-version=1", kill_on_drop: false }`
[INFO] [stderr] WARNING: Your kernel does not support swap limit capabilities or the cgroup is not mounted. Memory limited without swap.
[INFO] [stdout] b55e986ab8dfb30ab3cfb7e78c06d3df103b7de8b6a91226f033e05c7ab41336
[INFO] running `Command { std: "docker" "start" "-a" "b55e986ab8dfb30ab3cfb7e78c06d3df103b7de8b6a91226f033e05c7ab41336", kill_on_drop: false }`
[INFO] running `Command { std: "docker" "inspect" "b55e986ab8dfb30ab3cfb7e78c06d3df103b7de8b6a91226f033e05c7ab41336", kill_on_drop: false }`
[INFO] running `Command { std: "docker" "rm" "-f" "b55e986ab8dfb30ab3cfb7e78c06d3df103b7de8b6a91226f033e05c7ab41336", kill_on_drop: false }`
[INFO] [stdout] b55e986ab8dfb30ab3cfb7e78c06d3df103b7de8b6a91226f033e05c7ab41336
[INFO] running `Command { std: "docker" "create" "-v" "/var/lib/crater-agent-workspace/builds/worker-7/target:/opt/rustwide/target:rw,Z" "-v" "/var/lib/crater-agent-workspace/builds/worker-7/source:/opt/rustwide/workdir:ro,Z" "-v" "/var/lib/crater-agent-workspace/cargo-home:/opt/rustwide/cargo-home:ro,Z" "-v" "/var/lib/crater-agent-workspace/rustup-home:/opt/rustwide/rustup-home:ro,Z" "-e" "SOURCE_DIR=/opt/rustwide/workdir" "-e" "CARGO_TARGET_DIR=/opt/rustwide/target" "-e" "CARGO_INCREMENTAL=0" "-e" "RUST_BACKTRACE=full" "-e" "RUSTFLAGS=--cap-lints=forbid" "-e" "CARGO_HOME=/opt/rustwide/cargo-home" "-e" "RUSTUP_HOME=/opt/rustwide/rustup-home" "-w" "/opt/rustwide/workdir" "-m" "1610612736" "--user" "0:0" "--network" "none" "rustops/crates-build-env@sha256:d92eaeed33fa75130ca1ee6c8a01d1ffb62bac859dfdfb3450e3e5d1c0146529" "/opt/rustwide/cargo-home/bin/cargo" "+72f88fc4e9458f89516a0b8b0868f3718aec5b47" "check" "--frozen" "--all" "--all-targets" "--message-format=json", kill_on_drop: false }`
[INFO] [stdout] 9bf8b864688a8fe131557c8b636d1c39d75b12204ac05124f6c25af7683120ed
[INFO] [stderr] WARNING: Your kernel does not support swap limit capabilities or the cgroup is not mounted. Memory limited without swap.
[INFO] running `Command { std: "docker" "start" "-a" "9bf8b864688a8fe131557c8b636d1c39d75b12204ac05124f6c25af7683120ed", kill_on_drop: false }`
[INFO] [stderr]    Compiling libc v0.2.62
[INFO] [stderr]    Compiling serde v1.0.98
[INFO] [stderr]    Compiling log v0.4.8
[INFO] [stderr]    Compiling cc v1.0.40
[INFO] [stderr]    Compiling xml-rs v0.8.0
[INFO] [stderr]    Compiling semver-parser v0.7.0
[INFO] [stderr]    Compiling cfg-if v0.1.9
[INFO] [stderr]    Compiling khronos_api v3.1.0
[INFO] [stderr]    Compiling arrayvec v0.4.11
[INFO] [stderr]    Compiling pkg-config v0.3.15
[INFO] [stderr]     Checking nodrop v0.1.13
[INFO] [stderr]     Checking void v1.0.2
[INFO] [stderr]     Checking scopeguard v1.0.0
[INFO] [stderr]    Compiling nix v0.14.1
[INFO] [stderr]     Checking linked-hash-map v0.5.2
[INFO] [stderr]     Checking smallvec v0.6.10
[INFO] [stderr]     Checking same-file v1.0.5
[INFO] [stderr]     Checking xdg v2.2.0
[INFO] [stderr]     Checking slab v0.4.2
[INFO] [stderr]    Compiling version_check v0.1.5
[INFO] [stderr]    Compiling ryu v1.0.0
[INFO] [stderr]    Compiling getrandom v0.1.9
[INFO] [stderr]    Compiling rustc-demangle v0.1.16
[INFO] [stderr]     Checking lazycell v1.2.1
[INFO] [stderr]     Checking ppv-lite86 v0.2.5
[INFO] [stderr]    Compiling pulldown-cmark v0.2.0
[INFO] [stderr]    Compiling itoa v0.4.4
[INFO] [stderr]    Compiling crc32fast v1.2.0
[INFO] [stderr]    Compiling libm v0.1.4
[INFO] [stderr]    Compiling typenum v1.10.0
[INFO] [stderr]     Checking adler32 v1.0.3
[INFO] [stderr]     Checking rustc-serialize v0.3.24
[INFO] [stderr]    Compiling nix v0.11.1
[INFO] [stderr]    Compiling memchr v2.2.1
[INFO] [stderr]    Compiling remove_dir_all v0.5.2
[INFO] [stderr]    Compiling num-derive v0.2.5
[INFO] [stderr]     Checking regex-syntax v0.3.9
[INFO] [stderr]    Compiling glob v0.2.11
[INFO] [stderr]     Checking rawpointer v0.1.0
[INFO] [stderr]     Checking utf8-ranges v0.1.3
[INFO] [stderr]    Compiling winapi v0.3.7
[INFO] [stderr]    Compiling bytecount v0.4.0
[INFO] [stderr]     Checking mint v0.5.1
[INFO] [stderr]     Checking color_quant v1.0.1
[INFO] [stderr]     Checking xi-unicode v0.1.0
[INFO] [stderr]     Checking uuid v0.7.4
[INFO] [stderr]     Checking claxon v0.4.2
[INFO] [stderr]     Checking regex-syntax v0.6.11
[INFO] [stderr]     Checking hound v3.4.0
[INFO] [stderr]     Checking podio v0.1.6
[INFO] [stderr]     Checking hashbrown v0.5.0
[INFO] [stderr]     Checking maplit v1.0.1
[INFO] [stderr]    Compiling num-traits v0.2.8
[INFO] [stderr]     Checking crossbeam-utils v0.6.6
[INFO] [stderr]    Compiling rand_pcg v0.1.2
[INFO] [stderr]    Compiling rand_chacha v0.1.1
[INFO] [stderr]    Compiling rand v0.6.5
[INFO] [stderr]    Compiling num-integer v0.1.41
[INFO] [stderr]    Compiling num-complex v0.2.3
[INFO] [stderr]    Compiling num-iter v0.1.39
[INFO] [stderr]    Compiling num-rational v0.2.2
[INFO] [stderr]     Checking thread_local v0.3.6
[INFO] [stderr]     Checking lock_api v0.2.0
[INFO] [stderr]     Checking lock_api v0.3.1
[INFO] [stderr]    Compiling user32-sys v0.2.0
[INFO] [stderr]    Compiling gdi32-sys v0.2.0
[INFO] [stderr]     Checking walkdir v2.2.9
[INFO] [stderr]     Checking inflate v0.4.5
[INFO] [stderr]    Compiling error-chain v0.12.1
[INFO] [stderr]     Checking matrixmultiply v0.2.2
[INFO] [stderr]    Compiling x11-dl v2.18.4
[INFO] [stderr]    Compiling alsa-sys v0.1.2
[INFO] [stderr]    Compiling libudev-sys v0.1.4
[INFO] [stderr]     Checking c2-chacha v0.2.2
[INFO] [stderr]     Checking gif v0.10.2
[INFO] [stderr]    Compiling bitflags v1.1.0
[INFO] [stderr]    Compiling libloading v0.5.2
[INFO] [stderr]    Compiling backtrace-sys v0.1.31
[INFO] [stderr]    Compiling bzip2-sys v0.1.7
[INFO] [stderr]    Compiling minimp3-sys v0.3.1
[INFO] [stderr]    Compiling quote v0.6.13
[INFO] [stderr]     Checking draw_state v0.8.0
[INFO] [stderr]     Checking rustc-hash v1.0.1
[INFO] [stderr]     Checking stb_truetype v0.2.6
[INFO] [stderr]     Checking ogg v0.7.0
[INFO] [stderr]     Checking deflate v0.7.20
[INFO] [stderr]     Checking jpeg-decoder v0.1.15
[INFO] [stderr]     Checking log v0.3.9
[INFO] [stderr]    Compiling gl_generator v0.11.0
[INFO] [stderr]    Compiling gl_generator v0.13.0
[INFO] [stderr]    Compiling syn v0.15.44
[INFO] [stderr]    Compiling wayland-scanner v0.21.13
[INFO] [stderr]    Compiling wayland-scanner v0.23.5
[INFO] [stderr]    Compiling rand v0.4.6
[INFO] [stderr]     Checking lewton v0.9.4
[INFO] [stderr]     Checking num_cpus v1.10.1
[INFO] [stderr]     Checking rand_os v0.1.3
[INFO] [stderr]     Checking memmap v0.7.0
[INFO] [stderr]     Checking iovec v0.1.2
[INFO] [stderr]     Checking net2 v0.2.33
[INFO] [stderr]     Checking thread-id v2.0.0
[INFO] [stderr]     Checking memchr v0.1.11
[INFO] [stderr]     Checking shared_library v0.1.9
[INFO] [stderr]     Checking slice-deque v0.2.4
[INFO] [stderr]     Checking raw-window-handle v0.1.2
[INFO] [stderr]     Checking dirs-sys v0.3.4
[INFO] [stderr]     Checking aho-corasick v0.7.6
[INFO] [stderr]     Checking png v0.15.0
[INFO] [stderr]     Checking generic-array v0.12.3
[INFO] [stderr]     Checking approx v0.3.2
[INFO] [stderr]     Checking ordered-float v1.0.2
[INFO] [stderr]     Checking line_drawing v0.7.0
[INFO] [stderr]     Checking num-traits v0.1.43
[INFO] [stderr]     Checking num-complex v0.1.43
[INFO] [stderr]     Checking thread_local v0.2.7
[INFO] [stderr]     Checking aho-corasick v0.5.3
[INFO] [stderr]     Checking rand_core v0.5.0
[INFO] [stderr]     Checking mio v0.6.19
[INFO] [stderr]     Checking osmesa-sys v0.1.2
[INFO] [stderr]    Compiling tempdir v0.3.7
[INFO] [stderr]     Checking directories v2.0.2
[INFO] [stderr]     Checking rand v0.3.23
[INFO] [stderr]     Checking cpal v0.8.2
[INFO] [stderr]    Compiling glutin_glx_sys v0.1.5
[INFO] [stderr]    Compiling glutin_egl_sys v0.1.3
[INFO] [stderr]    Compiling gfx_gl v0.6.0
[INFO] [stderr]     Checking dlib v0.4.1
[INFO] [stderr]     Checking minimp3 v0.3.3
[INFO] [stderr]    Compiling backtrace v0.3.34
[INFO] [stderr]     Checking bzip2 v0.3.3
[INFO] [stderr]    Compiling gl v0.13.0
[INFO] [stderr]     Checking sid v0.5.2
[INFO] [stderr]     Checking cgmath v0.16.1
[INFO] [stderr]     Checking regex v1.2.1
[INFO] [stderr]     Checking regex v0.1.80
[INFO] [stderr]     Checking num-bigint v0.1.44
[INFO] [stderr]     Checking rand_chacha v0.2.1
[INFO] [stderr]    Compiling wayland-client v0.21.13
[INFO] [stderr]    Compiling wayland-protocols v0.21.13
[INFO] [stderr]     Checking alga v0.9.1
[INFO] [stderr]     Checking wayland-sys v0.21.13
[INFO] [stderr]     Checking wayland-sys v0.23.5
[INFO] [stderr]     Checking zip v0.5.3
[INFO] [stderr]     Checking mio-extras v2.0.5
[INFO] [stderr]    Compiling wayland-client v0.23.5
[INFO] [stderr]    Compiling wayland-protocols v0.23.5
[INFO] [stderr]     Checking toml v0.5.3
[INFO] [stderr]     Checking rand v0.7.0
[INFO] [stderr]    Compiling semver v0.9.0
[INFO] [stderr]    Compiling serde_json v1.0.40
[INFO] [stderr]     Checking num-rational v0.1.42
[INFO] [stderr]     Checking wayland-commons v0.21.13
[INFO] [stderr]     Checking wayland-commons v0.23.5
[INFO] [stderr]     Checking victoria-dom v0.1.2
[INFO] [stderr]     Checking gilrs-core v0.2.3
[INFO] [stderr]     Checking env_logger v0.3.5
[INFO] [stderr]     Checking calloop v0.4.4
[INFO] [stderr]    Compiling rustc_version v0.2.3
[INFO] [stderr]     Checking num v0.1.42
[INFO] [stderr]     Checking nalgebra v0.18.0
[INFO] [stderr]     Checking quickcheck v0.2.27
[INFO] [stderr]     Checking gilrs v0.7.2
[INFO] [stderr]     Checking twox-hash v1.5.0
[INFO] [stderr]     Checking winconsole v0.10.0
[INFO] [stderr]    Compiling memoffset v0.5.1
[INFO] [stderr]    Compiling parking_lot_core v0.5.0
[INFO] [stderr]    Compiling parking_lot v0.8.0
[INFO] [stderr]    Compiling parking_lot_core v0.6.2
[INFO] [stderr]    Compiling parking_lot v0.9.0
[INFO] [stderr]     Checking colored v1.8.0
[INFO] [stderr]     Checking glm v0.2.3
[INFO] [stderr]     Checking crossbeam-epoch v0.7.2
[INFO] [stderr]     Checking crossbeam-deque v0.7.1
[INFO] [stderr]     Checking rusttype v0.7.7
[INFO] [stderr]     Checking andrew v0.2.1
[INFO] [stderr]     Checking glyph_brush_layout v0.1.6
[INFO] [stderr]     Checking glyph_brush v0.5.3
[INFO] [stderr]    Compiling derivative v1.0.2
[INFO] [stderr]    Compiling euclid_macros v0.1.0
[INFO] [stderr]    Compiling serde_derive v1.0.98
[INFO] [stderr]    Compiling smart-default v0.5.2
[INFO] [stderr]     Checking euclid v0.19.9
[INFO] [stderr]     Checking lyon_geom v0.12.7
[INFO] [stderr]     Checking tiff v0.3.1
[INFO] [stderr]     Checking smithay-client-toolkit v0.4.6
[INFO] [stderr]     Checking gfx_core v0.9.1
[INFO] [stderr]     Checking image v0.22.1
[INFO] [stderr]     Checking lyon_path v0.13.2
[INFO] [stderr]     Checking lyon_tessellation v0.13.5
[INFO] [stderr]     Checking lyon_algorithms v0.13.4
[INFO] [stderr]     Checking smithay-client-toolkit v0.6.3
[INFO] [stderr]     Checking winit v0.19.2
[INFO] [stderr]     Checking lyon v0.13.5
[INFO] [stderr]     Checking winit v0.20.0-alpha3
[INFO] [stderr]     Checking glutin v0.20.1
[INFO] [stderr]    Compiling cargo_metadata v0.6.4
[INFO] [stderr]     Checking gfx_device_gl v0.16.1
[INFO] [stderr]     Checking gfx v0.18.1
[INFO] [stderr]     Checking gfx_window_glutin v0.30.0
[INFO] [stderr]    Compiling skeptic v0.13.4
[INFO] [stderr]     Checking glutin v0.22.0-alpha1
[INFO] [stdout] error[E0599]: no method named `is_wayland` found for reference `&winit::event_loop::EventLoop<T>` in the current scope
[INFO] [stdout]    --> /opt/rustwide/cargo-home/registry/src/github.com-1ecc6299db9ec823/glutin-0.22.0-alpha1/src/platform_impl/unix/mod.rs:100:15
[INFO] [stdout]     |
[INFO] [stdout] 100 |         if el.is_wayland() {
[INFO] [stdout]     |               ^^^^^^^^^^ method not found in `&winit::event_loop::EventLoop<T>`
[INFO] [stdout]     |
[INFO] [stdout]     = help: items from traits can only be used if the trait is in scope
[INFO] [stdout]     = note: the following trait is implemented but not in scope; perhaps add a `use` for it:
[INFO] [stdout]             `use winit::platform::unix::EventLoopWindowTargetExtUnix;`
[INFO] [stdout] 
[INFO] [stdout] 
[INFO] [stdout] error[E0599]: no method named `is_wayland` found for reference `&winit::event_loop::EventLoop<T>` in the current scope
[INFO] [stdout]    --> /opt/rustwide/cargo-home/registry/src/github.com-1ecc6299db9ec823/glutin-0.22.0-alpha1/src/platform_impl/unix/mod.rs:136:15
[INFO] [stdout]     |
[INFO] [stdout] 136 |         if el.is_wayland() {
[INFO] [stdout]     |               ^^^^^^^^^^ method not found in `&winit::event_loop::EventLoop<T>`
[INFO] [stdout]     |
[INFO] [stdout]     = help: items from traits can only be used if the trait is in scope
[INFO] [stdout]     = note: the following trait is implemented but not in scope; perhaps add a `use` for it:
[INFO] [stdout]             `use winit::platform::unix::EventLoopWindowTargetExtUnix;`
[INFO] [stdout] 
[INFO] [stdout] 
[INFO] [stdout] error[E0599]: no method named `wayland_display` found for reference `&winit::event_loop::EventLoop<T>` in the current scope
[INFO] [stdout]   --> /opt/rustwide/cargo-home/registry/src/github.com-1ecc6299db9ec823/glutin-0.22.0-alpha1/src/platform_impl/unix/wayland.rs:55:30
[INFO] [stdout]    |
[INFO] [stdout] 55 |         let display_ptr = el.wayland_display().unwrap() as *const _;
[INFO] [stdout]    |                              ^^^^^^^^^^^^^^^ method not found in `&winit::event_loop::EventLoop<T>`
[INFO] [stdout]    |
[INFO] [stdout]    = help: items from traits can only be used if the trait is in scope
[INFO] [stdout]    = note: the following trait is implemented but not in scope; perhaps add a `use` for it:
[INFO] [stdout]            `use winit::platform::unix::EventLoopWindowTargetExtUnix;`
[INFO] [stdout] 
[INFO] [stdout] 
[INFO] [stdout] error[E0599]: no method named `xlib_xconnection` found for reference `&winit::event_loop::EventLoop<T>` in the current scope
[INFO] [stdout]    --> /opt/rustwide/cargo-home/registry/src/github.com-1ecc6299db9ec823/glutin-0.22.0-alpha1/src/platform_impl/unix/x11.rs:212:30
[INFO] [stdout]     |
[INFO] [stdout] 212 |         let xconn = match el.xlib_xconnection() {
[INFO] [stdout]     |                              ^^^^^^^^^^^^^^^^ method not found in `&winit::event_loop::EventLoop<T>`
[INFO] [stdout]     |
[INFO] [stdout]     = help: items from traits can only be used if the trait is in scope
[INFO] [stdout]     = note: the following trait is implemented but not in scope; perhaps add a `use` for it:
[INFO] [stdout]             `use winit::platform::unix::EventLoopWindowTargetExtUnix;`
[INFO] [stdout] 
[INFO] [stdout] 
[INFO] [stdout] error[E0599]: no method named `xlib_xconnection` found for reference `&winit::event_loop::EventLoop<T>` in the current scope
[INFO] [stdout]    --> /opt/rustwide/cargo-home/registry/src/github.com-1ecc6299db9ec823/glutin-0.22.0-alpha1/src/platform_impl/unix/x11.rs:469:30
[INFO] [stdout]     |
[INFO] [stdout] 469 |         let xconn = match el.xlib_xconnection() {
[INFO] [stdout]     |                              ^^^^^^^^^^^^^^^^ method not found in `&winit::event_loop::EventLoop<T>`
[INFO] [stdout]     |
[INFO] [stdout]     = help: items from traits can only be used if the trait is in scope
[INFO] [stdout]     = note: the following trait is implemented but not in scope; perhaps add a `use` for it:
[INFO] [stdout]             `use winit::platform::unix::EventLoopWindowTargetExtUnix;`
[INFO] [stdout] 
[INFO] [stdout] 
[INFO] [stdout] error: aborting due to 5 previous errors
[INFO] [stdout] 
[INFO] [stdout] 
[INFO] [stdout] For more information about this error, try `rustc --explain E0599`.
[INFO] [stdout] 
[INFO] [stderr] error: could not compile `glutin`.
[INFO] [stderr] 
[INFO] [stderr] To learn more, run the command again with --verbose.
[INFO] [stderr] warning: build failed, waiting for other jobs to finish...
[INFO] [stderr] error: build failed
[INFO] running `Command { std: "docker" "inspect" "9bf8b864688a8fe131557c8b636d1c39d75b12204ac05124f6c25af7683120ed", kill_on_drop: false }`
[INFO] running `Command { std: "docker" "rm" "-f" "9bf8b864688a8fe131557c8b636d1c39d75b12204ac05124f6c25af7683120ed", kill_on_drop: false }`
[INFO] [stdout] 9bf8b864688a8fe131557c8b636d1c39d75b12204ac05124f6c25af7683120ed
